{"id":1274,"date":"2023-06-19T13:40:50","date_gmt":"2023-06-19T10:40:50","guid":{"rendered":"https:\/\/fertema.fi\/?page_id=1274"},"modified":"2023-06-19T13:42:48","modified_gmt":"2023-06-19T10:42:48","slug":"kokouksen-aikataulu","status":"publish","type":"page","link":"https:\/\/fertema.fi\/?page_id=1274","title":{"rendered":"Kokouksen aikataulu"},"content":{"rendered":"\n<div class=\"wp-block-stackable-columns alignfull stk-block-columns stk-block stk-4c814f3 stk-block-background stk--has-background-overlay\" data-block-id=\"4c814f3\"><style>.stk-4c814f3{background-color:var(--theme-palette-color-4,#131117) !important;background-image:url(https:\/\/fertema.fi\/wp-content\/uploads\/2023\/06\/hands-g2f2c3455b_640.jpg) !important;background-position:center center !important;background-repeat:repeat !important;background-size:contain !important;padding-top:150px !important;padding-bottom:340px !important;margin-bottom:0px !important}.stk-4c814f3:before{background-color:var(--theme-palette-color-4,#131117) !important;opacity:0.8 !important}@media screen and (max-width:999px){.stk-4c814f3{padding-top:110px !important;padding-bottom:300px !important}}<\/style><div class=\"stk-row stk-inner-blocks stk-block-content stk-content-align stk-4c814f3-column\">\n<div class=\"wp-block-stackable-column stk-block-column stk-column stk-block stk-d48b2ff\" data-v=\"4\" data-block-id=\"d48b2ff\"><style>.stk-d48b2ff-container{margin-top:0px !important;margin-right:0px !important;margin-bottom:0px !important;margin-left:0px !important}.stk-d48b2ff{top:100px !important}<\/style><div class=\"stk-column-wrapper stk-block-column__content stk-container stk-d48b2ff-container stk--no-background stk--no-padding\"><div class=\"has-text-align-center stk-block-content stk-inner-blocks stk-d48b2ff-inner-blocks\">\n<div class=\"wp-block-stackable-heading stk-block-heading stk-block-heading--v2 stk-block stk-210bffb\" id=\"varaa-tapaaminen-kanssamme\" data-block-id=\"210bffb\"><style>.stk-210bffb{margin-top:15px !important}.stk-210bffb .stk-block-heading__text{font-size:70px !important;color:var(--theme-palette-color-8,#ffffff) !important;text-transform:uppercase !important}@media screen and (max-width:999px){.stk-210bffb .stk-block-heading__text{font-size:40px !important}}<\/style><h2 class=\"stk-block-heading__text has-text-color has-text-align-center\">VARAA TAPAAMINEN KANSSAMME<\/h2><\/div>\n\n\n\n<div class=\"wp-block-stackable-heading stk-block-heading stk-block-heading--v2 stk-block stk-369348a\" id=\"autamme-sinua-loytamaan-taydellisen-ratkaisun-tarpeisiisi\" data-block-id=\"369348a\"><style>.stk-369348a .stk-block-heading__text{color:var(--theme-palette-color-8,#ffffff) !important;text-transform:capitalize !important}<\/style><h5 class=\"stk-block-heading__text has-text-color\">Autamme Sinua L\u00f6yt\u00e4m\u00e4\u00e4n T\u00e4ydellisen Ratkaisun Tarpeisiisi<\/h5><\/div>\n<\/div><\/div><\/div>\n<\/div><\/div>\n\n\n\n<div class=\"wp-block-stackable-spacer stk-block-spacer stk--no-padding stk-block stk-ca70118\" data-block-id=\"ca70118\"><style>.stk-ca70118{height:70px !important}@media screen and (max-width:999px){.stk-ca70118{height:100px !important}}<\/style><\/div>\n\n\n\n<div class=\"wp-block-stackable-heading stk-block-heading stk-block-heading--v2 stk-block stk-0ae16aa\" id=\"varaa-aika\" data-block-id=\"0ae16aa\"><style>.stk-0ae16aa .stk-block-heading__text{text-transform:capitalize !important}<\/style><h1 class=\"stk-block-heading__text has-text-align-center\">Varaa Aika<\/h1><\/div>\n\n\n\n<div class=\"wp-block-stackable-text stk-block-text stk-block stk-a31beaf\" data-block-id=\"a31beaf\"><p class=\"stk-block-text__text has-text-align-center\">Valitse tapaamisaikasi<\/p><\/div>\n\n\n\n<div class=\"wp-block-amelia-booking-gutenberg-block\">[ameliabooking]<\/div>\n\n\n\n<div class=\"wp-block-stackable-spacer stk-block-spacer stk--no-padding stk-block stk-d0398d7\" data-block-id=\"d0398d7\"><style>.stk-d0398d7{height:100px !important}@media screen and (max-width:999px){.stk-d0398d7{height:80px !important}}<\/style><\/div>\n","protected":false},"excerpt":{"rendered":"<p>VARAA TAPAAMINEN KANSSAMME Autamme Sinua L\u00f6yt\u00e4m\u00e4\u00e4n T\u00e4ydellisen Ratkaisun Tarpeisiisi Varaa Aika Valitse tapaamisaikasi<\/p>\n","protected":false},"author":1,"featured_media":0,"parent":0,"menu_order":0,"comment_status":"closed","ping_status":"closed","template":"","meta":{"footnotes":""},"class_list":["post-1274","page","type-page","status-publish","hentry"],"blocksy_meta":{"styles_descriptor":{"styles":{"desktop":"","tablet":"","mobile":""},"google_fonts":[],"version":6},"page_title_panel":"","has_hero_section":"disabled","b5a8e8ecd73a2d1bdc083724b92bf358":"","hero_section":"type-1","hero_elements":[{"id":"custom_title","enabled":true,"heading_tag":"h1","title":"Home"},{"id":"custom_description","enabled":true,"description_visibility":{"desktop":true,"tablet":true,"mobile":false}},{"id":"custom_meta","enabled":false,"meta_elements":[{"id":"author","enabled":true,"label":"By","has_author_avatar":"yes","avatar_size":25},{"id":"post_date","enabled":true,"label":"On","date_format_source":"default","date_format":"M j, Y"},{"id":"updated_date","enabled":false,"label":"On","date_format_source":"default","date_format":"M j, Y"},{"id":"categories","enabled":false,"label":"In","style":"simple"},{"id":"comments","enabled":true}],"page_meta_elements":{"joined":true,"articles_count":true,"comments":true}},{"id":"breadcrumbs","enabled":false}],"7e154d28cd3433ebd2b52a65fa352287":"","hero_alignment1":"CT_CSS_SKIP_RULE","hero_margin":40,"hero_alignment2":"center","hero_vertical_alignment":"center","b06089ceb60e1c2358df3dd815344e31":"","hero_structure":"narrow","cd26de91d35cb1540fae797090dcc365":"","page_title_bg_type":"featured_image","custom_hero_background":{"attachment_id":null},"parallax":{"desktop":false,"tablet":false,"mobile":false},"7fd8ccdb4238d868f5d9c97d4ace46bf":"","hero_height":"250px","pageTitleFont":{"family":"Default","variation":"Default","size":"30px","line-height":"CT_CSS_SKIP_RULE","letter-spacing":"CT_CSS_SKIP_RULE","text-transform":"CT_CSS_SKIP_RULE","text-decoration":"CT_CSS_SKIP_RULE"},"pageTitleFontColor":{"default":{"color":"CT_CSS_SKIP_RULEDEFAULT"}},"pageMetaFont":{"family":"Default","variation":"n6","size":"12px","line-height":"1.3","letter-spacing":"CT_CSS_SKIP_RULE","text-transform":"uppercase","text-decoration":"CT_CSS_SKIP_RULE"},"pageMetaFontColor":{"default":{"color":"CT_CSS_SKIP_RULEDEFAULT"},"hover":{"color":"CT_CSS_SKIP_RULEDEFAULT"}},"page_meta_button_type_font_colors":{"default":{"color":"CT_CSS_SKIP_RULEDEFAULT"},"hover":{"color":"CT_CSS_SKIP_RULEDEFAULT"}},"page_meta_button_type_background_colors":{"default":{"color":"CT_CSS_SKIP_RULEDEFAULT"},"hover":{"color":"CT_CSS_SKIP_RULEDEFAULT"}},"pageExcerptFont":{"family":"Default","variation":"Default","size":"CT_CSS_SKIP_RULE","line-height":"CT_CSS_SKIP_RULE","letter-spacing":"CT_CSS_SKIP_RULE","text-transform":"CT_CSS_SKIP_RULE","text-decoration":"CT_CSS_SKIP_RULE"},"pageExcerptColor":{"default":{"color":"CT_CSS_SKIP_RULEDEFAULT"}},"breadcrumbsFont":{"family":"Default","variation":"Default","size":"CT_CSS_SKIP_RULE","line-height":"CT_CSS_SKIP_RULE","letter-spacing":"CT_CSS_SKIP_RULE","text-transform":"CT_CSS_SKIP_RULE","text-decoration":"CT_CSS_SKIP_RULE"},"breadcrumbsFontColor":{"default":{"color":"CT_CSS_SKIP_RULEDEFAULT"},"initial":{"color":"CT_CSS_SKIP_RULEDEFAULT"},"hover":{"color":"CT_CSS_SKIP_RULEDEFAULT"}},"pageTitleOverlay":{"background_type":"color","background_pattern":"type-1","background_image":{"attachment_id":null,"x":0,"y":0},"gradient":"linear-gradient(135deg,rgba(6,147,227,1) 0%,rgb(155,81,224) 100%)","background_repeat":"repeat","background_size":"auto","background_attachment":"scroll","patternColor":{"default":{"color":"#e5e7ea"}},"overlayColor":{"default":{"color":"CT_CSS_SKIP_RULE"}},"backgroundColor":{"default":{"color":"CT_CSS_SKIP_RULE"}}},"pageTitleBackground":{"background_type":"color","background_pattern":"type-1","background_image":{"attachment_id":null,"x":0,"y":0},"gradient":"linear-gradient(135deg,rgba(6,147,227,1) 0%,rgb(155,81,224) 100%)","background_repeat":"repeat","background_size":"auto","background_attachment":"scroll","patternColor":{"default":{"color":"#e5e7ea"}},"overlayColor":{"default":{"color":"CT_CSS_SKIP_RULE"}},"backgroundColor":{"default":{"color":"var(--theme-palette-color-6)"}}},"pageTitlePadding":{"top":"50px","bottom":"50px","left":"auto","right":"auto","linked":true},"525648c3a0104dc66d7938914252da9e":"","page_structure_type":"default","4f39fcfae578e432fc1b7e5a804f4dc0":"","content_style_source":"inherit","content_style":"wide","vertical_spacing_source":"custom","content_area_spacing":"none","background":{"background_type":"color","background_pattern":"type-1","background_image":{"attachment_id":null,"x":0,"y":0},"gradient":"linear-gradient(135deg,rgba(6,147,227,1) 0%,rgb(155,81,224) 100%)","background_repeat":"repeat","background_size":"auto","background_attachment":"scroll","patternColor":{"default":{"color":"#e5e7ea"}},"overlayColor":{"default":{"color":"CT_CSS_SKIP_RULE"}},"backgroundColor":{"default":{"color":"CT_CSS_SKIP_RULE"}}},"content_background":{"background_type":"color","background_pattern":"type-1","background_image":{"attachment_id":null,"x":0,"y":0},"gradient":"linear-gradient(135deg,rgba(6,147,227,1) 0%,rgb(155,81,224) 100%)","background_repeat":"repeat","background_size":"auto","background_attachment":"scroll","patternColor":{"default":{"color":"#e5e7ea"}},"overlayColor":{"default":{"color":"CT_CSS_SKIP_RULE"}},"backgroundColor":{"default":{"color":"var(--theme-palette-color-8)"}}},"content_boxed_shadow":{"inherit":false,"blur":18,"spread":-6,"v_offset":12,"h_offset":0,"inset":false,"enable":true,"color":{"color":"rgba(34, 56, 101, 0.04)"}},"boxed_content_spacing":{"desktop":{"top":"40px","bottom":"40px","left":"40px","right":"40px","linked":true},"tablet":{"top":"35px","bottom":"35px","left":"35px","right":"35px","linked":true},"mobile":{"top":"20px","bottom":"20px","left":"20px","right":"20px","linked":true}},"content_boxed_radius":{"top":"3px","bottom":"3px","left":"3px","right":"3px","linked":true},"2487fe51df1335eec2ccb15a676f5fb3":"","disable_featured_image":"no","disable_share_box":"no","disable_header":"no","disable_footer":"no"},"yoast_head":"<!-- This site is optimized with the Yoast SEO plugin v27.1.1 - https:\/\/yoast.com\/product\/yoast-seo-wordpress\/ -->\n<title>Kokouksen aikataulu - Fertema Oy<\/title>\n<meta name=\"description\" content=\"VARAA TAPAAMINEN KANSSAMME  Autamme Sinua L\u00f6yt\u00e4m\u00e4\u00e4n T\u00e4ydellisen Ratkaisun Tarpeisiisi     Varaa Aika  Valitse tapaamisaikasi\" \/>\n<meta name=\"robots\" content=\"index, follow, max-snippet:-1, max-image-preview:large, max-video-preview:-1\" \/>\n<link rel=\"canonical\" href=\"https:\/\/fertema.fi\/?page_id=1274\" \/>\n<meta property=\"og:locale\" content=\"en_US\" \/>\n<meta property=\"og:type\" content=\"article\" \/>\n<meta property=\"og:title\" content=\"Kokouksen aikataulu - Fertema Oy\" \/>\n<meta property=\"og:description\" content=\"VARAA TAPAAMINEN KANSSAMME  Autamme Sinua L\u00f6yt\u00e4m\u00e4\u00e4n T\u00e4ydellisen Ratkaisun Tarpeisiisi     Varaa Aika  Valitse tapaamisaikasi\" \/>\n<meta property=\"og:url\" content=\"https:\/\/fertema.fi\/?page_id=1274\" \/>\n<meta property=\"og:site_name\" content=\"Fertema Oy\" \/>\n<meta property=\"article:modified_time\" content=\"2023-06-19T10:42:48+00:00\" \/>\n<meta name=\"twitter:card\" content=\"summary_large_image\" \/>\n<meta name=\"twitter:label1\" content=\"Est. reading time\" \/>\n\t<meta name=\"twitter:data1\" content=\"1 minute\" \/>\n<script type=\"application\/ld+json\" class=\"yoast-schema-graph\">{\"@context\":\"https:\/\/schema.org\",\"@graph\":[{\"@type\":\"WebPage\",\"@id\":\"https:\/\/fertema.fi\/?page_id=1274\",\"url\":\"https:\/\/fertema.fi\/?page_id=1274\",\"name\":\"Kokouksen aikataulu - Fertema Oy\",\"isPartOf\":{\"@id\":\"https:\/\/fertema.fi\/#website\"},\"datePublished\":\"2023-06-19T10:40:50+00:00\",\"dateModified\":\"2023-06-19T10:42:48+00:00\",\"description\":\"VARAA TAPAAMINEN KANSSAMME Autamme Sinua L\u00f6yt\u00e4m\u00e4\u00e4n T\u00e4ydellisen Ratkaisun Tarpeisiisi Varaa Aika Valitse tapaamisaikasi\",\"breadcrumb\":{\"@id\":\"https:\/\/fertema.fi\/?page_id=1274#breadcrumb\"},\"inLanguage\":\"en-US\",\"potentialAction\":[{\"@type\":\"ReadAction\",\"target\":[\"https:\/\/fertema.fi\/?page_id=1274\"]}]},{\"@type\":\"BreadcrumbList\",\"@id\":\"https:\/\/fertema.fi\/?page_id=1274#breadcrumb\",\"itemListElement\":[{\"@type\":\"ListItem\",\"position\":1,\"name\":\"Home\",\"item\":\"https:\/\/fertema.fi\/\"},{\"@type\":\"ListItem\",\"position\":2,\"name\":\"Kokouksen aikataulu\"}]},{\"@type\":\"WebSite\",\"@id\":\"https:\/\/fertema.fi\/#website\",\"url\":\"https:\/\/fertema.fi\/\",\"name\":\"Fertema\",\"description\":\"\",\"publisher\":{\"@id\":\"https:\/\/fertema.fi\/#organization\"},\"potentialAction\":[{\"@type\":\"SearchAction\",\"target\":{\"@type\":\"EntryPoint\",\"urlTemplate\":\"https:\/\/fertema.fi\/?s={search_term_string}\"},\"query-input\":{\"@type\":\"PropertyValueSpecification\",\"valueRequired\":true,\"valueName\":\"search_term_string\"}}],\"inLanguage\":\"en-US\"},{\"@type\":\"Organization\",\"@id\":\"https:\/\/fertema.fi\/#organization\",\"name\":\"Fertema Oy\",\"url\":\"https:\/\/fertema.fi\/\",\"logo\":{\"@type\":\"ImageObject\",\"inLanguage\":\"en-US\",\"@id\":\"https:\/\/fertema.fi\/#\/schema\/logo\/image\/\",\"url\":\"https:\/\/fertema.fi\/wp-content\/uploads\/2023\/06\/fertema_png_small.png\",\"contentUrl\":\"https:\/\/fertema.fi\/wp-content\/uploads\/2023\/06\/fertema_png_small.png\",\"width\":500,\"height\":76,\"caption\":\"Fertema Oy\"},\"image\":{\"@id\":\"https:\/\/fertema.fi\/#\/schema\/logo\/image\/\"}}]}<\/script>\n<!-- \/ Yoast SEO plugin. -->","yoast_head_json":{"title":"Kokouksen aikataulu - Fertema Oy","description":"VARAA TAPAAMINEN KANSSAMME  Autamme Sinua L\u00f6yt\u00e4m\u00e4\u00e4n T\u00e4ydellisen Ratkaisun Tarpeisiisi     Varaa Aika  Valitse tapaamisaikasi","robots":{"index":"index","follow":"follow","max-snippet":"max-snippet:-1","max-image-preview":"max-image-preview:large","max-video-preview":"max-video-preview:-1"},"canonical":"https:\/\/fertema.fi\/?page_id=1274","og_locale":"en_US","og_type":"article","og_title":"Kokouksen aikataulu - Fertema Oy","og_description":"VARAA TAPAAMINEN KANSSAMME  Autamme Sinua L\u00f6yt\u00e4m\u00e4\u00e4n T\u00e4ydellisen Ratkaisun Tarpeisiisi     Varaa Aika  Valitse tapaamisaikasi","og_url":"https:\/\/fertema.fi\/?page_id=1274","og_site_name":"Fertema Oy","article_modified_time":"2023-06-19T10:42:48+00:00","twitter_card":"summary_large_image","twitter_misc":{"Est. reading time":"1 minute"},"schema":{"@context":"https:\/\/schema.org","@graph":[{"@type":"WebPage","@id":"https:\/\/fertema.fi\/?page_id=1274","url":"https:\/\/fertema.fi\/?page_id=1274","name":"Kokouksen aikataulu - Fertema Oy","isPartOf":{"@id":"https:\/\/fertema.fi\/#website"},"datePublished":"2023-06-19T10:40:50+00:00","dateModified":"2023-06-19T10:42:48+00:00","description":"VARAA TAPAAMINEN KANSSAMME Autamme Sinua L\u00f6yt\u00e4m\u00e4\u00e4n T\u00e4ydellisen Ratkaisun Tarpeisiisi Varaa Aika Valitse tapaamisaikasi","breadcrumb":{"@id":"https:\/\/fertema.fi\/?page_id=1274#breadcrumb"},"inLanguage":"en-US","potentialAction":[{"@type":"ReadAction","target":["https:\/\/fertema.fi\/?page_id=1274"]}]},{"@type":"BreadcrumbList","@id":"https:\/\/fertema.fi\/?page_id=1274#breadcrumb","itemListElement":[{"@type":"ListItem","position":1,"name":"Home","item":"https:\/\/fertema.fi\/"},{"@type":"ListItem","position":2,"name":"Kokouksen aikataulu"}]},{"@type":"WebSite","@id":"https:\/\/fertema.fi\/#website","url":"https:\/\/fertema.fi\/","name":"Fertema","description":"","publisher":{"@id":"https:\/\/fertema.fi\/#organization"},"potentialAction":[{"@type":"SearchAction","target":{"@type":"EntryPoint","urlTemplate":"https:\/\/fertema.fi\/?s={search_term_string}"},"query-input":{"@type":"PropertyValueSpecification","valueRequired":true,"valueName":"search_term_string"}}],"inLanguage":"en-US"},{"@type":"Organization","@id":"https:\/\/fertema.fi\/#organization","name":"Fertema Oy","url":"https:\/\/fertema.fi\/","logo":{"@type":"ImageObject","inLanguage":"en-US","@id":"https:\/\/fertema.fi\/#\/schema\/logo\/image\/","url":"https:\/\/fertema.fi\/wp-content\/uploads\/2023\/06\/fertema_png_small.png","contentUrl":"https:\/\/fertema.fi\/wp-content\/uploads\/2023\/06\/fertema_png_small.png","width":500,"height":76,"caption":"Fertema Oy"},"image":{"@id":"https:\/\/fertema.fi\/#\/schema\/logo\/image\/"}}]}},"_links":{"self":[{"href":"https:\/\/fertema.fi\/index.php?rest_route=\/wp\/v2\/pages\/1274","targetHints":{"allow":["GET"]}}],"collection":[{"href":"https:\/\/fertema.fi\/index.php?rest_route=\/wp\/v2\/pages"}],"about":[{"href":"https:\/\/fertema.fi\/index.php?rest_route=\/wp\/v2\/types\/page"}],"author":[{"embeddable":true,"href":"https:\/\/fertema.fi\/index.php?rest_route=\/wp\/v2\/users\/1"}],"replies":[{"embeddable":true,"href":"https:\/\/fertema.fi\/index.php?rest_route=%2Fwp%2Fv2%2Fcomments&post=1274"}],"version-history":[{"count":2,"href":"https:\/\/fertema.fi\/index.php?rest_route=\/wp\/v2\/pages\/1274\/revisions"}],"predecessor-version":[{"id":1276,"href":"https:\/\/fertema.fi\/index.php?rest_route=\/wp\/v2\/pages\/1274\/revisions\/1276"}],"wp:attachment":[{"href":"https:\/\/fertema.fi\/index.php?rest_route=%2Fwp%2Fv2%2Fmedia&parent=1274"}],"curies":[{"name":"wp","href":"https:\/\/api.w.org\/{rel}","templated":true}]}}